{"version":"1.0","provider_name":"AMATIN","provider_url":"https:\/\/www.amatin.ch\/en\/","title":"Internet and e-mail monitoring at the workplace - AMATIN","type":"rich","width":600,"height":338,"html":"<blockquote class=\"wp-embedded-content\" data-secret=\"KOLwJkj7fh\"><a href=\"https:\/\/www.amatin.ch\/en\/news\/internet-und-email-ueberwachung-am-arbeitsplatz\/\">Internet and e-mail monitoring at the workplace<\/a><\/blockquote><iframe sandbox=\"allow-scripts\" security=\"restricted\" src=\"https:\/\/www.amatin.ch\/en\/news\/internet-und-email-ueberwachung-am-arbeitsplatz\/embed\/#?secret=KOLwJkj7fh\" width=\"600\" height=\"338\" title=\"&#8220;Internet and e-mail monitoring at the workplace&#8221; &#8212; AMATIN\" data-secret=\"KOLwJkj7fh\" frameborder=\"0\" marginwidth=\"0\" marginheight=\"0\" scrolling=\"no\" class=\"wp-embedded-content\"><\/iframe><script type=\"text\/javascript\">\n\/* <![CDATA[ *\/\n\/*! This file is auto-generated *\/\n!function(d,l){\"use strict\";l.querySelector&&d.addEventListener&&\"undefined\"!=typeof URL&&(d.wp=d.wp||{},d.wp.receiveEmbedMessage||(d.wp.receiveEmbedMessage=function(e){var t=e.data;if((t||t.secret||t.message||t.value)&&!\/[^a-zA-Z0-9]\/.test(t.secret)){for(var s,r,n,a=l.querySelectorAll('iframe[data-secret=\"'+t.secret+'\"]'),o=l.querySelectorAll('blockquote[data-secret=\"'+t.secret+'\"]'),c=new RegExp(\"^https?:$\",\"i\"),i=0;i<o.length;i++)o[i].style.display=\"none\";for(i=0;i<a.length;i++)s=a[i],e.source===s.contentWindow&&(s.removeAttribute(\"style\"),\"height\"===t.message?(1e3<(r=parseInt(t.value,10))?r=1e3:~~r<200&&(r=200),s.height=r):\"link\"===t.message&&(r=new URL(s.getAttribute(\"src\")),n=new URL(t.value),c.test(n.protocol))&&n.host===r.host&&l.activeElement===s&&(d.top.location.href=t.value))}},d.addEventListener(\"message\",d.wp.receiveEmbedMessage,!1),l.addEventListener(\"DOMContentLoaded\",function(){for(var e,t,s=l.querySelectorAll(\"iframe.wp-embedded-content\"),r=0;r<s.length;r++)(t=(e=s[r]).getAttribute(\"data-secret\"))||(t=Math.random().toString(36).substring(2,12),e.src+=\"#?secret=\"+t,e.setAttribute(\"data-secret\",t)),e.contentWindow.postMessage({message:\"ready\",secret:t},\"*\")},!1)))}(window,document);\n\/\/# sourceURL=https:\/\/www.amatin.ch\/wp-includes\/js\/wp-embed.min.js\n\/* ]]> *\/\n<\/script>\n","thumbnail_url":"https:\/\/www.amatin.ch\/wp-content\/uploads\/2020\/10\/arbeitsplatz_ueberwachung.jpg","thumbnail_width":749,"thumbnail_height":500,"description":"AMATIN AG Rechtsanw\u00e4lte \/ Attorneys at Law (contact: Roman K\u00e4lin-Burgy, Martin Boos, Michael Stebler), Basel, Switzerland &#8211; in the heart of the Swiss Economic Backbone Zurich-Basel-Geneva.&nbsp; Gem\u00e4ss Obligationenrecht besteht die Pflicht, die Pers\u00f6nlichkeit der Arbeitnehmenden zu sch\u00fctzen. Ein Unternehmen ist erm\u00e4chtigt, jene Daten zu bearbeiten, die zur Abkl\u00e4rung der Eignung f\u00fcr das Arbeitsverh\u00e4ltnis oder zur [&hellip;]"}

AMATIN AG Rechtsanwälte / Attorneys at Law (contact: Roman Kälin-Burgy, Martin Boos, Michael Stebler), Basel, Switzerland &#8211; in the heart of the Swiss Economic Backbone Zurich-Basel-Geneva.&nbsp; Gemäss Obligationenrecht besteht die Pflicht, die Persönlichkeit der Arbeitnehmenden zu schützen. Ein Unternehmen ist ermächtigt, jene Daten zu bearbeiten, die zur Abklärung der Eignung für das Arbeitsverhältnis oder zur [&hellip;]
